y 18.
15
Suppose m = -4*l + 6*m + 760, m = 2*l - 380. Suppose -14 = 4*s - l. Calculate the remainder when (-2)/(3 - 140/s) is divided by 3.
2
Suppose -3 - 3 = -2*d. Calculate the remainder when d*(-2)/3 + 14 is divided by (-10)/(-2)*2/2.
2
Suppose -r - 81 = -2*r. Suppose -3*k + r + 3 = 0. What is the remainder when k is divided by 15?
13
Suppose -2*x + 16 = -38. What is the remainder when (4/(16/7))/((-3)/(-180)) is divided by x?
24
Calculate the remainder when (1/(-6)*526)/(4/(-48)) is divided by 11.
7
Suppose -10 - 8 = -6*r. Suppose 0*g - r*o - 43 = -2*g, 5*o = -5*g + 45. Calculate the remainder when 53 is divided by g.
11
What is the remainder when (-314)/(-2) + (-88 - -80) is divided by 6?
5
Suppose 15*u + 3*s = 19*u - 255, 0 = -5*u - 3*s + 339. Calculate the remainder when 325 is divided by u.
61
Suppose -297 = -4*x + 267. Suppose 13 = 2*z - x. Calculate the remainder when z is divided by 26.
25
Let s = -680 + 756. Calculate the remainder when 90 is divided by s.
14
Let w(l) = 16*l**2 - 25*l - 24. Calculate the remainder when 525 is divided by w(-1).
15
Let d be (882/35)/(2/10). Suppose -122 = -4*o - 3*q + d, -186 = -3*o + 5*q. Calculate the remainder when o is divided by 13.
10
Suppose -41*i = -39*i - 2. Suppose -2*n = 1 + 13. Let m(o) = o**2 + 6*o - 4. What is the remainder when m(n) is divided by i?
0
Suppose 0 = -4*q - 14*y + 17*y + 1429, 2*q - 3*y - 707 = 0. What is the remainder when q is divided by 7?
4
Let s = -28 + 28. Suppose s*b + b - 134 = 0. Calculate the remainder when b is divided by 34.
32
Let r(w) = w**3 - 3*w**2 + 3*w + 2. Let b(o) = 4*o**2 - 3*o**2 - 10 + 21*o - 34*o. What is the remainder when r(3) is divided by b(14)?
3
Let k(z) = -z**2 - 10*z - 5. Let u(s) = -s**2 - 16*s + 8. Suppose c - 21 + 29 = 0. What is the remainder when u(c) is divided by k(-4)?
15
Let a(x) = x**2 + 23. Suppose z + 2 = 0, -3*z = -4*d - 2*z + 30. Suppose 0 = -d*h + 29 + 13. What is the remainder when a(0) is divided by h?
5
Let f = -894 + 900. What is the remainder when 334 is divided by f?
4
Suppose -2*v - 2*q = -622, 4*v + 3*q - q - 1244 = 0. What is the remainder when v is divided by 52?
51
Suppose 161 = -154*r + 161*r. Calculate the remainder when 72 is divided by r.
3
Suppose -148 + 14 = -i. Suppose -50 = -2*p - 2*j + 5*j, -5*p = -3*j - i. Calculate the remainder when 81 is divided by p.
25
Suppose 10*n = 12*n + 14. Let x(z) = z + 12. Calculate the remainder when 8 is divided by x(n).
3
Suppose -3*b + 16 = c, c + 7*b = 8*b + 12. Suppose -4*t + 4 = -12. Suppose 5*w = -0*q + 4*q - 172, 0 = -w - t. What is the remainder when q is divided by c?
12
Let j be (-5)/((-4)/(-1 - -5)). Suppose -j + 0 = -5*q. What is the remainder when (-2 + q)*3 + 15 is divided by 5?
2
Let u = 3 + 27. Suppose 0 = 8*z - 9*z - j + 58, 5*z - 5*j = 290. What is the remainder when z is divided by u?
28
Suppose -73*a = -61*a - 1212. Calculate the remainder when 401 is divided by a.
98
Suppose 9 = -3*b - 0*b, -3*q - 255 = 5*b. Let w = q + 154. Let r(a) = -11*a + 3. What is the remainder when w is divided by r(-2)?
24
Suppose 10 = 13*a - 133. Let v(y) = 7*y - 9. Calculate the remainder when v(7) is divided by a.
7
Suppose 144 - 534 = -10*o. What is the remainder when 72 is divided by o?
33
Let q(k) = -4*k**2 - 63*k - 35. What is the remainder when 57 is divided by q(-15)?
7
Let d = -1 + -1. Let o = -585 + 597. Calculate the remainder when (d - 10)/((-9)/24) is divided by o.
8
Let b = -23 - -26. Suppose -2*r + 2*x = -4, 3*r - 16 - 2 = -b*x. Suppose r*m + 4 = -p - 2, 0 = -4*p - 3*m + 2. Calculate the remainder when p is divided by 1.
0
Let o(w) = w**2 + 14*w - 53. Calculate the remainder when 129 is divided by o(5).
3
Suppose 5*i - 9 - 1 = 0, 5*s + 69 = -3*i. Let c = s + 7. Let u = 30 - c. Calculate the remainder when u is divided by 8.
6
Let b(p) = 2*p**2 + 5 - 7*p + 9*p - 4*p + p**3 + 0*p**3. What is the remainder when 6 is divided by b(-3)?
0
Suppose -10*j = -9*j - 55. Suppose j = 7*x - 50. What is the remainder when 87 is divided by x?
12
What is the remainder when 6/(-33) - 2983/(-11) is divided by 34?
33
Let q(z) = -z**2 + 2*z + 11. Let f be q(14). Let k = f + 173. Calculate the remainder when 45 is divided by k.
13
What is the remainder when 16/(-80) - 711/(-5) is divided by 29?
26
Let w be 26*(-4)/(-8) + 3. Suppose 0 = -o + w - 4. Let f = -38 - -59. Calculate the remainder when f is divided by o.
9
Suppose -2*l = -12*c + 10*c + 574, 0 = 5*c - 2*l - 1438. Calculate the remainder when c is divided by 17.
16
Let v = -21 + 23. Suppose -26 = -3*a - 4*c, 0*c - v*c - 12 = -a. Suppose 16 = 4*w - 2*x, -4*w - 5*x + 7 = -37. Calculate the remainder when a is divided by w.
4
Let v(g) = 13*g**2 - 2*g - 3. Let i(a) = a**2 + 4*a + 3. Let d be i(-5). Calculate the remainder when v(-2) is divided by (-1)/2 - (-76)/d.
8
Suppose p - c - 55 = -p, -3*c = -4*p + 111. Calculate the remainder when 426/p - 14/(-63) is divided by 6.
4
Let x be (-2 + 5)/(-1)*1. Let i = x - -8. Calculate the remainder when (3078/324)/((-1)/2)*-1 is divided by i.
4
Let o = 93 + -65. Calculate the remainder when (12/(-45))/(84/(-25830)) is divided by o.
26
Suppose -4*g + 17 = -3*o, -5*g = 13*o - 18*o - 15. Calculate the remainder when 381 is divided by g.
5
Let c = -42 - -45. Suppose -51 = -y + 3*t, 0 = c*y + t - 6*t - 153. What is the remainder when y is divided by 18?
15
Suppose 98*i - 478 = 96*i. Calculate the remainder when i is divided by 30.
29
Suppose -2*u - h - 22 = h, 0 = 5*h + 20. Let y = u - -29. Calculate the remainder when y is divided by 6.
4
Suppose -5*l + 4*l + 1407 = -4*r, 4*r = 4*l - 5652. What is the remainder when l is divided by 109?
107
Suppose 0 = 5*c - 4*c - 16. Let d(o) = -o**2 + 17*o - 14. What is the remainder when d(14) is divided by c?
12
Suppose -20*r + 619 = -1. Calculate the remainder when 92 is divided by r.
30
Calculate the remainder when 212 is divided by 226/4 + (-510)/204.
50
Let b(j) = -28*j**3 + j**2 + j. Suppose 29 = 8*t + 157. Let k = t - -26. What is the remainder when b(-1) is divided by k?
8
Let s(i) = -42*i + 113. Calculate the remainder when 252 is divided by s(1).
39
Let c(x) = -x**2 + 3*x + 4. Let l be c(3). Suppose 6*u + 12 = 3*j + 3*u, 2*j + l*u = 2. Let h = -6 + 18. What is the remainder when h is divided by j?
0
Suppose q = 21 + 44. What is the remainder when 128 is divided by q?
63
Let y = 84 + 3. Suppose -4*z - 27 = -y. Let g(a) = -a**2 + 15*a + 7. What is the remainder when g(z) is divided by 4?
3
Suppose -b + 19 = -q, 2*q + 24 = -136*b + 137*b. What is the remainder when 319 is divided by b?
11
Let y be (90/(-7))/(-2 - (-50)/28). Suppose -b + y = b. Calculate the remainder when b is divided by 8.
6
Let a be 3 + -6 + 0 + 12. Let w be (42/a)/((-1)/(-3)). Suppose 0 = 2*h + 4*o - w, 3*o + 12 = -0*o. Calculate the remainder when 27 is divided by h.
12
Suppose 5*b + 5*q - 435 = 0, -5*b = -4*q - 0*q - 417. Suppose -2*y - 3*y + b = 0. Calculate the remainder when 116 is divided by y.
14
Let z = -46 - -47. What is the remainder when (-49*z/(-3))/(12/72) is divided by 35?
28
Suppose n + 2*n + 24 = 0. Let g = n + 31. Calculate the remainder when 89 is divided by g.
20
Suppose 38*t - 6890 = 5498. Calculate the remainder when t is divided by 15.
11
Let m(b) = 2*b - 5. Let s be m(11). Suppose -s = -4*r - 1. Calculate the remainder when r is divided by 4.
0
Suppose -2*a + 9 = -19. What is the remainder when a is divided by -5*1/(-6)*6?
4
Suppose 10*s - 110 = 10. Let h = s + 28. Suppose -3*x - 114 = -8*x + 3*z, -x - 2*z + 15 = 0. Calculate the remainder when h is divided by x.
19
Suppose -5*m - 130 = -5*l, -5*l + 6*m - 5*m + 150 = 0. What is the remainder when 276 is divided by l?
28
Let w = -10 + 18. Let g be -15 - 1/((-2)/6). Calculate the remainder when 10 - (g/(-3) - 8) is divided by w.
6
Let r = -28 + 30. Suppose r = s + 1. Suppose -5*g - 16 = -3*i, -6*g = 5*i - 5*g - 8. What is the remainder when i is divided by s?
0
Let x = -3 - -6. Let g(t) = t**3 + t**2 - 2*t - 2. Calculate the remainder when g(x) is divided by -5*(5 - 56/8).
8
Let o = 503 + -484. Calculate the remainder when 24 is divided by o.
5
Let u = 176 + -175. Calculate the remainder when 276 is divided by (-3 + u)/(565/(-140) - -4).
52
Let x = 18725 - 18703. Let g(p) = -5*p**2 + 4*p - 4. Let s(v) = -6*v*